{"id":655,"date":"2026-04-13T14:28:23","date_gmt":"2026-04-13T14:28:23","guid":{"rendered":"http:\/\/esae.fr\/home-2\/"},"modified":"2026-04-13T14:28:23","modified_gmt":"2026-04-13T14:28:23","slug":"home-2","status":"publish","type":"page","link":"https:\/\/www.esae.fr\/videobox\/boite_a_outils_video\/home.html","title":{"rendered":"Home"},"content":{"rendered":"<div style=\"text-align: center; \">\n<div style=\"margin-bottom: 0px; margin-left: auto; margin-right: auto; margin-top: 0px; overflow: hidden; position: relative; word-wrap: break-word;  background: rgb(0, 0, 0); text-align: left; width: 700px; \" id=\"body_content\">\n<div style=\"margin-left: 0px; position: relative; width: 700px; z-index: 0; \" id=\"nav_layer\">\n<div style=\"height: 0px; line-height: 0px; \" class=\"bumper\"> <\/div>\n<div class=\"com-apple-iweb-widget-navbar flowDefining\" id=\"widget0\" style=\"margin-left: 35px; margin-top: 0px; opacity: 1.00; position: relative; width: 630px; z-index: 1; \">\n<div id=\"widget0-navbar\" class=\"navbar\">\n<div id=\"widget0-bg\" class=\"navbar-bg\">\n<ul id=\"widget0-navbar-list\" class=\"navbar-list\">\n<li><\/li>\n<\/ul>\n<\/div>\n<\/div><\/div>\n<p>          <script type=\"text\/javascript\"><!--\/\/--><![CDATA[\/\/><!--\nnew NavBar('widget0', 'Scripts\/Widgets\/Navbar', 'Scripts\/Widgets\/SharedResources', '.', {\"path-to-root\": \"\", \"navbar-css\": \".navbar {\\n\\tfont-family: Arial, sans-serif;\\n\\tfont-size: 1em;\\n\\tcolor: #A1A1A1;\\n\\tmargin: 9px 0px 6px 0px;\\n\\tline-height: 30px;\\n}\\n\\n.navbar-bg {\\n\\ttext-align: center;\\n}\\n\\n.navbar-bg ul {\\n\\tlist-style: none;\\n\\tmargin: 0px;\\n\\tpadding: 0px;\\n}\\n\\n\\nli {\\n\\tlist-style-type: none;\\n\\tdisplay: inline;\\n\\tpadding: 0px 10px 0px 10px;\\n}\\n\\n\\nli a {\\n\\ttext-decoration: none;\\n\\tcolor: #A1A1A1;\\n}\\n\\nli a:visited {\\n\\ttext-decoration: none;\\n\\tcolor: #A1A1A1;\\n}\\n\\n\\nli a:hover\\n{\\n\\ttext-decoration: none;\\n \\tcolor: #eee;\\n}\\n\\n\\nli.current-page a\\n{\\n\\ttext-decoration: none;\\n\\t color: #fff;\\n\\tfont-weight: bold;\\n\\n}\", \"current-page-GUID\": \"F37150DF-C1F3-4C22-887D-68B3A71D7DB4\", \"isCollectionPage\": \"NO\"});\n\/\/--><!]]><\/script><\/p>\n<div style=\"clear: both; height: 0px; line-height: 0px; \" class=\"spacer\"> <\/div>\n<\/p><\/div>\n<div style=\"height: 73px; margin-left: 0px; position: relative; width: 700px; z-index: 10; \" id=\"header_layer\">\n<div style=\"height: 0px; line-height: 0px; \" class=\"bumper\"> <\/div>\n<div id=\"id1\" style=\"height: 50px; left: 35px; position: absolute; top: 23px; width: 630px; z-index: 1; \" class=\"style_SkipStroke shape-with-text\">\n<div class=\"text-content style_External_630_50\" style=\"padding: 0px; \">\n<div class=\"style\">\n<p style=\"padding-bottom: 0pt; padding-top: 0pt; \" class=\"Header\">Aide m\u00e9moire Vid\u00e9o<\/p>\n<\/p><\/div>\n<\/p><\/div>\n<\/p><\/div>\n<div style=\"height: 1px; width: 630px;  height: 1px; left: 35px; position: absolute; top: 3px; width: 630px; z-index: 1; \" class=\"tinyText\">\n<div style=\"position: relative; width: 630px; \">\n            <\/div>\n<\/p><\/div>\n<\/p><\/div>\n<div style=\"margin-left: 0px; position: relative; width: 700px; z-index: 5; \" id=\"body_layer\">\n<div style=\"height: 0px; line-height: 0px; \" class=\"bumper\"> <\/div>\n<div style=\"height: 610px; width: 300px;  height: 610px; left: 365px; position: absolute; top: 63px; width: 300px; z-index: 1; \" class=\"tinyText reflection_0\">\n<div style=\"position: relative; width: 300px; \">\n            <\/div>\n<\/p><\/div>\n<div id=\"id2\" style=\"height: 741px; left: 30px; position: absolute; top: 47px; width: 316px; z-index: 1; \" class=\"style_SkipStroke_1 shape-with-text\">\n<div class=\"text-content graphic_textbox_layout_style_default_External_316_741\" style=\"padding: 0px; \">\n<div class=\"graphic_textbox_layout_style_default\">\n<p style=\"padding-top: 0pt; \" class=\"Body\"><a title=\"Materiel.html\" href=\"https:\/\/www.esae.fr\/videobox\/boite_a_outils_video\/materiel.html\">Mat\u00e9riel<\/a><br class=\"bcnukro8ch6ntpqpa\"\/><\/p>\n<p class=\"Body\">    <a title=\"Carte_SDHC.html\" href=\"https:\/\/www.esae.fr\/videobox\/boite_a_outils_video\/carte_sdhc.html\">Carte SDHC<\/a><br class=\"bcnukro8ch6ntpqpa\"\/><\/p>\n<p class=\"Body\">    <a title=\"Disque_dur.html\" href=\"https:\/\/www.esae.fr\/videobox\/boite_a_outils_video\/disque_dur.html\">Disque dur<\/a><br class=\"bcnukro8ch6ntpqpa\"\/><\/p>\n<p class=\"Body\">    <a title=\"Votre_materiel.html\" href=\"https:\/\/www.esae.fr\/videobox\/boite_a_outils_video\/votre_materiel.html\">Votre mat\u00e9riel<\/a><br class=\"bcnukro8ch6ntpqpa\"\/><\/p>\n<p class=\"Body\"><br class=\"bcnukro8ch6ntpqpa\"\/><\/p>\n<p class=\"Body\"><a title=\"Reglages_logiciels.html\" href=\"https:\/\/www.esae.fr\/videobox\/boite_a_outils_video\/reglages_logiciels.html\">R\u00e9glages logiciels<\/a><br class=\"bcnukro8ch6ntpqpa\"\/><\/p>\n<p class=\"Body\">    <a title=\"Pre-reglages_FCP7.html\" href=\"https:\/\/www.esae.fr\/videobox\/boite_a_outils_video\/pre-reglages_fcp7.html\">Pr\u00e9-r\u00e9glages FCP7<\/a><br class=\"bcnukro8ch6ntpqpa\"\/><\/p>\n<p class=\"Body\">    <a title=\"reglages_FCP7.html\" href=\"https:\/\/www.esae.fr\/videobox\/boite_a_outils_video\/reglages_fcp7.html\">R\u00e9glages projet FCP7<\/a><br class=\"bcnukro8ch6ntpqpa\"\/><\/p>\n<p class=\"Body\">   <a title=\"reglages_premiere.html\" href=\"https:\/\/www.esae.fr\/videobox\/boite_a_outils_video\/reglages_premiere.html\"> R\u00e9glages Adobe Premiere<\/a><br class=\"bcnukro8ch6ntpqpa\"\/><\/p>\n<p class=\"Body\">    <span class=\"style_1\">R\u00e9glages FCP X (\u00e0 venir)<\/span><br class=\"bcnukro8ch6ntpqpa\"\/><\/p>\n<p class=\"Body\"><br class=\"bcnukro8ch6ntpqpa\"\/><\/p>\n<p class=\"Body\"><a title=\"Exportation.html\" href=\"https:\/\/www.esae.fr\/videobox\/boite_a_outils_video\/exportation.html\">Exportation<\/a><br class=\"bcnukro8ch6ntpqpa\"\/><\/p>\n<p class=\"Body\">    <a title=\"exp_FCP7.html\" href=\"https:\/\/www.esae.fr\/videobox\/boite_a_outils_video\/exp_fcp7.html\">Exportation depuis FCP7<\/a><br class=\"bcnukro8ch6ntpqpa\"\/><\/p>\n<p class=\"Body\">    <a title=\"exp_premiere.html\" href=\"https:\/\/www.esae.fr\/videobox\/boite_a_outils_video\/exp_premiere.html\">Exportation depuis Premi\u00e8re<\/a><br class=\"bcnukro8ch6ntpqpa\"\/><\/p>\n<p class=\"Body\">    <span class=\"style_2\">Exportation depuis FCP X (\u00e0 venir)<br class=\"bcnukro8ch6ntpqpa\"\/><\/span><\/p>\n<p class=\"Body\"><span class=\"style_2\">&nbsp;    <\/span><a title=\"exp_quicktime.html\" href=\"https:\/\/www.esae.fr\/videobox\/boite_a_outils_video\/exp_quicktime.html\">Exportation rapide depuis Quicktime<\/a><br class=\"bcnukro8ch6ntpqpa\"\/><\/p>\n<p class=\"Body\"><br class=\"bcnukro8ch6ntpqpa\"\/><\/p>\n<p class=\"Body\"><a title=\"Tournage_video.html\" href=\"https:\/\/www.esae.fr\/videobox\/boite_a_outils_video\/tournage_video.html\">Tournage vid\u00e9o<\/a><br class=\"bcnukro8ch6ntpqpa\"\/><\/p>\n<p class=\"Body\">   <a title=\"Reglages_camera_video.html\" href=\"https:\/\/www.esae.fr\/videobox\/boite_a_outils_video\/reglages_camera_video.html\"> <span class=\"bcnukro8ch6ntpqpa\">R\u00e9glage cam\u00e9ras vid\u00e9o<\/span><\/a><span class=\"style_3\"> (Manuels)<\/span><span class=\"style_2\"><br class=\"bcnukro8ch6ntpqpa\"\/><\/span><\/p>\n<p class=\"Body\"><span class=\"style_2\">    R\u00e9glages vid\u00e9o APN (appareil photo num\u00e9rique (\u00e0 venir)<br class=\"bcnukro8ch6ntpqpa\"\/><\/span><\/p>\n<p class=\"Body\"><br class=\"bcnukro8ch6ntpqpa\"\/><\/p>\n<p class=\"paragraph_style\"><a title=\"Audio.html\" href=\"https:\/\/www.esae.fr\/videobox\/boite_a_outils_video\/audio.html\">Audio<\/a> (\u00e0 venir)<br class=\"bcnukro8ch6ntpqpa\"\/><\/p>\n<p class=\"Body\"><br class=\"bcnukro8ch6ntpqpa\"\/><\/p>\n<p class=\"Body\"><a title=\"Animation.html\" href=\"https:\/\/www.esae.fr\/videobox\/boite_a_outils_video\/animation.html\">Animation<\/a><br class=\"bcnukro8ch6ntpqpa\"\/><\/p>\n<p class=\"Body\">    <a title=\"Generalites.html\" href=\"https:\/\/www.esae.fr\/videobox\/boite_a_outils_video\/generalites.html\">G\u00e9n\u00e9ralit\u00e9s<\/a><br class=\"bcnukro8ch6ntpqpa\"\/><\/p>\n<p class=\"Body\">    <a title=\"Format_des_images.html\" href=\"https:\/\/www.esae.fr\/videobox\/boite_a_outils_video\/format_des_images.html\">Format des images<\/a><br class=\"bcnukro8ch6ntpqpa\"\/><\/p>\n<p class=\"Body\">    <a title=\"Reglages_APN_pour_lanimation.html\" href=\"https:\/\/www.esae.fr\/videobox\/boite_a_outils_video\/reglages_apn_pour_lanimation.html\">R\u00e9glages APN pour l\u2019animation<\/a><br class=\"bcnukro8ch6ntpqpa\"\/><\/p>\n<p class=\"Body\">    <span class=\"style_2\">R\u00e9glages cam\u00e9ra pour l\u2019animation (\u00e0 venir)<br class=\"bcnukro8ch6ntpqpa\"\/><\/span><\/p>\n<p class=\"Body\"><span class=\"style_2\">    R\u00e9glages logiciel pour l\u2019animation (\u00e0 venir)<br class=\"bcnukro8ch6ntpqpa\"\/><\/span><\/p>\n<p class=\"Body\"><span class=\"style_2\">    Photoshop (\u00e0 venir)<br class=\"bcnukro8ch6ntpqpa\"\/><\/span><\/p>\n<p class=\"Body\"><br class=\"bcnukro8ch6ntpqpa\"\/><\/p>\n<p class=\"Body\"><a title=\"Liens.html\" href=\"https:\/\/www.esae.fr\/videobox\/boite_a_outils_video\/liens.html\">Liens<\/a><br class=\"bcnukro8ch6ntpqpa\"\/><\/p>\n<p class=\"Body\"><br class=\"bcnukro8ch6ntpqpa\"\/><\/p>\n<p class=\"Body\"><a title=\"Liste.html\" href=\"https:\/\/www.esae.fr\/videobox\/boite_a_outils_video\/liste.html\">Listes<\/a><br class=\"bcnukro8ch6ntpqpa\"\/><\/p>\n<\/p><\/div>\n<\/p><\/div>\n<\/p><\/div>\n<div style=\"height: 788px; line-height: 788px; \" class=\"spacer\"> <\/div>\n<\/p><\/div>\n<div style=\"height: 150px; margin-left: 0px; position: relative; width: 700px; z-index: 15; \" id=\"footer_layer\">\n<div style=\"height: 0px; line-height: 0px; \" class=\"bumper\"> <\/div>\n<\/p><\/div>\n<\/p><\/div>\n<\/p><\/div>\n","protected":false,"raw":""},"excerpt":{"rendered":"<p>Aide m\u00e9moire Vid\u00e9o Mat\u00e9riel Carte SDHC Disque dur Votre [&hellip;]<\/p>\n","protected":false},"author":0,"featured_media":0,"parent":0,"menu_order":0,"comment_status":"closed","ping_status":"closed","template":"template_7.php","meta":{"footnotes":""},"class_list":["post-655","page","type-page","status-publish","hentry"],"yoast_head":"<!-- This site is optimized with the Yoast SEO plugin v24.2 - https:\/\/yoast.com\/wordpress\/plugins\/seo\/ -->\n<title>Aide m\u00e9moire Vid\u00e9o<\/title>\n<meta name=\"robots\" content=\"index, follow, max-snippet:-1, max-image-preview:large, max-video-preview:-1\" \/>\n<link rel=\"canonical\" href=\"https:\/\/www.esae.fr\/videobox\/boite_a_outils_video\/home.html\" \/>\n<meta property=\"og:type\" content=\"article\" \/>\n<meta property=\"og:title\" content=\"Aide m\u00e9moire Vid\u00e9o\" \/>\n<meta property=\"og:description\" content=\"Aide m\u00e9moire Vid\u00e9o Mat\u00e9riel Carte SDHC Disque dur Votre [&hellip;]\" \/>\n<meta property=\"og:url\" content=\"https:\/\/www.esae.fr\/videobox\/boite_a_outils_video\/home.html\" \/>\n<meta property=\"og:site_name\" content=\"ESAL - 2021\" \/>\n<meta name=\"twitter:card\" content=\"summary_large_image\" \/>\n<meta name=\"twitter:label1\" content=\"Est. reading time\" \/>\n\t<meta name=\"twitter:data1\" content=\"1 minute\" \/>\n<!-- \/ Yoast SEO plugin. -->","yoast_head_json":{"title":"Aide m\u00e9moire Vid\u00e9o","robots":{"index":"index","follow":"follow","max-snippet":"max-snippet:-1","max-image-preview":"max-image-preview:large","max-video-preview":"max-video-preview:-1"},"canonical":"https:\/\/www.esae.fr\/videobox\/boite_a_outils_video\/home.html","og_type":"article","og_title":"Aide m\u00e9moire Vid\u00e9o","og_description":"Aide m\u00e9moire Vid\u00e9o Mat\u00e9riel Carte SDHC Disque dur Votre [&hellip;]","og_url":"https:\/\/www.esae.fr\/videobox\/boite_a_outils_video\/home.html","og_site_name":"ESAL - 2021","twitter_card":"summary_large_image","twitter_misc":{"Est. reading time":"1 minute"}},"_links":{"self":[{"href":"https:\/\/www.esae.fr\/index.php?rest_route=\/wp\/v2\/pages\/655","targetHints":{"allow":["GET"]}}],"collection":[{"href":"https:\/\/www.esae.fr\/index.php?rest_route=\/wp\/v2\/pages"}],"about":[{"href":"https:\/\/www.esae.fr\/index.php?rest_route=\/wp\/v2\/types\/page"}],"replies":[{"embeddable":true,"href":"https:\/\/www.esae.fr\/index.php?rest_route=%2Fwp%2Fv2%2Fcomments&post=655"}],"version-history":[{"count":0,"href":"https:\/\/www.esae.fr\/index.php?rest_route=\/wp\/v2\/pages\/655\/revisions"}],"wp:attachment":[{"href":"https:\/\/www.esae.fr\/index.php?rest_route=%2Fwp%2Fv2%2Fmedia&parent=655"}],"curies":[{"name":"wp","href":"https:\/\/api.w.org\/{rel}","templated":true}]}}