{"id":654,"date":"2026-04-13T14:28:23","date_gmt":"2026-04-13T14:28:23","guid":{"rendered":"http:\/\/esae.fr\/generalites\/"},"modified":"2026-04-13T14:28:23","modified_gmt":"2026-04-13T14:28:23","slug":"generalites","status":"publish","type":"page","link":"https:\/\/www.esae.fr\/videobox\/boite_a_outils_video\/generalites.html","title":{"rendered":"Generalites"},"content":{"rendered":"<div style=\"text-align: center; \">\n<div style=\"margin-bottom: 0px; margin-left: auto; margin-right: auto; margin-top: 0px; overflow: hidden; position: relative; word-wrap: break-word;  background: rgb(0, 0, 0); text-align: left; width: 700px; \" id=\"body_content\">\n<div style=\"margin-left: 0px; position: relative; width: 700px; z-index: 0; \" id=\"nav_layer\">\n<div style=\"height: 0px; line-height: 0px; \" class=\"bumper\"> <\/div>\n<div class=\"com-apple-iweb-widget-navbar flowDefining\" id=\"widget0\" style=\"margin-left: 35px; margin-top: 0px; opacity: 1.00; position: relative; width: 630px; z-index: 1; \">\n<div id=\"widget0-navbar\" class=\"navbar\">\n<div id=\"widget0-bg\" class=\"navbar-bg\">\n<ul id=\"widget0-navbar-list\" class=\"navbar-list\">\n<li><\/li>\n<\/ul>\n<\/div>\n<\/div><\/div>\n<p>          <script type=\"text\/javascript\"><!--\/\/--><![CDATA[\/\/><!--\nnew NavBar('widget0', 'Scripts\/Widgets\/Navbar', 'Scripts\/Widgets\/SharedResources', '.', {\"path-to-root\": \"\", \"navbar-css\": \".navbar {\\n\\tfont-family: Arial, sans-serif;\\n\\tfont-size: 1em;\\n\\tcolor: #A1A1A1;\\n\\tmargin: 9px 0px 6px 0px;\\n\\tline-height: 30px;\\n}\\n\\n.navbar-bg {\\n\\ttext-align: center;\\n}\\n\\n.navbar-bg ul {\\n\\tlist-style: none;\\n\\tmargin: 0px;\\n\\tpadding: 0px;\\n}\\n\\n\\nli {\\n\\tlist-style-type: none;\\n\\tdisplay: inline;\\n\\tpadding: 0px 10px 0px 10px;\\n}\\n\\n\\nli a {\\n\\ttext-decoration: none;\\n\\tcolor: #A1A1A1;\\n}\\n\\nli a:visited {\\n\\ttext-decoration: none;\\n\\tcolor: #A1A1A1;\\n}\\n\\n\\nli a:hover\\n{\\n\\ttext-decoration: none;\\n \\tcolor: #eee;\\n}\\n\\n\\nli.current-page a\\n{\\n\\ttext-decoration: none;\\n\\t color: #fff;\\n\\tfont-weight: bold;\\n\\n}\", \"current-page-GUID\": \"68BD74DF-53E1-4BAB-9413-55ED4B5A089A\", \"isCollectionPage\": \"NO\"});\n\/\/--><!]]><\/script><\/p>\n<div style=\"clear: both; height: 0px; line-height: 0px; \" class=\"spacer\"> <\/div>\n<\/p><\/div>\n<div style=\"height: 73px; margin-left: 0px; position: relative; width: 700px; z-index: 10; \" id=\"header_layer\">\n<div style=\"height: 0px; line-height: 0px; \" class=\"bumper\"> <\/div>\n<div style=\"height: 1px; width: 630px;  height: 1px; left: 35px; position: absolute; top: 3px; width: 630px; z-index: 1; \" class=\"tinyText\">\n<div style=\"position: relative; width: 630px; \">\n            <\/div>\n<\/p><\/div>\n<div id=\"id1\" style=\"height: 50px; left: 35px; position: absolute; top: 23px; width: 630px; z-index: 1; \" class=\"style_SkipStroke shape-with-text\">\n<div class=\"text-content style_External_630_50\" style=\"padding: 0px; \">\n<div class=\"style\"><\/div>\n<\/p><\/div>\n<\/p><\/div>\n<div id=\"id2\" style=\"height: 50px; left: 35px; position: absolute; top: 23px; width: 630px; z-index: 1; \" class=\"style_SkipStroke shape-with-text\">\n<div class=\"text-content style_External_630_50\" style=\"padding: 0px; \">\n<div class=\"style\">\n<p style=\"padding-bottom: 0pt; padding-top: 0pt; \" class=\"Header\">G\u00e9n\u00e9ralit\u00e9s<\/p>\n<\/p><\/div>\n<\/p><\/div>\n<\/p><\/div>\n<\/p><\/div>\n<div style=\"margin-left: 0px; position: relative; width: 700px; z-index: 5; \" id=\"body_layer\">\n<div style=\"height: 0px; line-height: 0px; \" class=\"bumper\"> <\/div>\n<div id=\"id3\" style=\"height: 515px; left: 61px; position: absolute; top: 96px; width: 603px; z-index: 1; \" class=\"style_SkipStroke_1 shape-with-text\">\n<div class=\"text-content graphic_textbox_layout_style_default_External_603_515\" style=\"padding: 0px; \">\n<div class=\"graphic_textbox_layout_style_default\">\n<ol>\n<li style=\"line-height: 25px; padding-left: 50px; text-indent: -30px; \" class=\"full-width\" value=\"1\">\n<p style=\"padding-top: 0pt; text-indent: -30px; \" class=\"paragraph_style\"><span style=\"font-size: 18px; position: relative; top: 0px; \" class=\"Puce\">1.<\/span><span style=\"width: 15px; \" class=\"inline-block\">&nbsp;<\/span>Le story board<br class=\"bcnukro8ch6ntpqpa\"\/><\/p>\n<\/li>\n<\/ol>\n<p class=\"Body\"><br class=\"bcnukro8ch6ntpqpa\"\/><\/p>\n<p class=\"Body\">            Le story board  peut \u00eatre plus ou moins pr\u00e9cis  selon la nature du projet d\u2019animation, mais c\u2019est un outil essentiel.<br class=\"bcnukro8ch6ntpqpa\"\/><\/p>\n<p class=\"Body\">            C\u2019est un outil. Il permet de voir les probl\u00e8mes qui se poserons, de ne filmer que ce qui est n\u00e9cessaire, d\u2019\u00e9changer avec d\u2019autres et tester le r\u00e9cit. Une bonne pr\u00e9paration n\u2019est jamais du temps perdu.<br class=\"bcnukro8ch6ntpqpa\"\/><\/p>\n<p class=\"Body\">            Dans le cas du dessin anim\u00e9, un \u00abline test\u00bb c\u2019est a dire un montage des images fixes du story board avec une bande son peut affiner le d\u00e9coupage et donner une dur\u00e9e aux plans \u00e0 animer. <br class=\"bcnukro8ch6ntpqpa\"\/><\/p>\n<p class=\"Body\"><br class=\"bcnukro8ch6ntpqpa\"\/><\/p>\n<ol>\n<li style=\"line-height: 25px; padding-left: 50px; text-indent: -30px; \" class=\"full-width\" value=\"2\">\n<p style=\"text-indent: -30px; \" class=\"paragraph_style\"><span style=\"font-size: 18px; position: relative; top: 0px; \" class=\"Puce\">2.<\/span><span style=\"width: 15px; \" class=\"inline-block\">&nbsp;<\/span>Stabilit\u00e9 des images<br class=\"bcnukro8ch6ntpqpa\"\/><\/p>\n<\/li>\n<\/ol>\n<p class=\"Body\"><br class=\"bcnukro8ch6ntpqpa\"\/><\/p>\n<p class=\"Body\">            Mettez en place un dispositif stable pour fixer la cam\u00e9ra. Surtout si vous devez d\u00e9clencher les photos sur l\u2019appareil.<br class=\"bcnukro8ch6ntpqpa\"\/><\/p>\n<p class=\"Body\">            Dans le cas du dessin anim\u00e9 utilisez une table lumineuse et un syst\u00e8me de calage.<br class=\"bcnukro8ch6ntpqpa\"\/><\/p>\n<p class=\"paragraph_style_1\"><br class=\"bcnukro8ch6ntpqpa\"\/><\/p>\n<ol>\n<li style=\"line-height: 25px; padding-left: 50px; text-indent: -30px; \" class=\"full-width\" value=\"3\">\n<p style=\"text-indent: -30px; \" class=\"paragraph_style\"><span style=\"font-size: 18px; position: relative; top: 0px; \" class=\"Puce\">3.<\/span><span style=\"width: 15px; \" class=\"inline-block\">&nbsp;<\/span>Conditions de lumi\u00e8re    <br class=\"bcnukro8ch6ntpqpa\"\/><\/p>\n<\/li>\n<\/ol>\n<p class=\"Body\"><br class=\"bcnukro8ch6ntpqpa\"\/><\/p>\n<p class=\"Body\">            La lumi\u00e8re ne doit pas varier pendant la prise de vue. Maitrisez les conditions de lumi\u00e8re soit en obturant les fen\u00eatres soit en travaillant la nuit par exemple et utiliser un \u00e9clairage artificiel avec un onduleur (si possible)<br class=\"bcnukro8ch6ntpqpa\"\/><\/p>\n<p style=\"padding-bottom: 0pt; \" class=\"Body\">            Pas de v\u00eatements claires r\u00e9fl\u00e9chissant la lumi\u00e8re.<\/p>\n<\/p><\/div>\n<\/p><\/div>\n<\/p><\/div>\n<div style=\"height: 611px; line-height: 611px; \" class=\"spacer\"> <\/div>\n<\/p><\/div>\n<div style=\"height: 150px; margin-left: 0px; position: relative; width: 700px; z-index: 15; \" id=\"footer_layer\">\n<div style=\"height: 0px; line-height: 0px; \" class=\"bumper\"> <\/div>\n<\/p><\/div>\n<\/p><\/div>\n<\/p><\/div>\n","protected":false,"raw":""},"excerpt":{"rendered":"<p>G\u00e9n\u00e9ralit\u00e9s 1.&nbsp;Le story board Le story board peut \u00eatre [&hellip;]<\/p>\n","protected":false},"author":0,"featured_media":0,"parent":0,"menu_order":0,"comment_status":"closed","ping_status":"closed","template":"template_7.php","meta":{"footnotes":""},"class_list":["post-654","page","type-page","status-publish","hentry"],"yoast_head":"<!-- This site is optimized with the Yoast SEO plugin v24.2 - https:\/\/yoast.com\/wordpress\/plugins\/seo\/ -->\n<title>G\u00e9n\u00e9ralit\u00e9s<\/title>\n<meta name=\"robots\" content=\"index, follow, max-snippet:-1, max-image-preview:large, max-video-preview:-1\" \/>\n<link rel=\"canonical\" href=\"https:\/\/www.esae.fr\/videobox\/boite_a_outils_video\/generalites.html\" \/>\n<meta property=\"og:type\" content=\"article\" \/>\n<meta property=\"og:title\" content=\"G\u00e9n\u00e9ralit\u00e9s\" \/>\n<meta property=\"og:description\" content=\"G\u00e9n\u00e9ralit\u00e9s 1.&nbsp;Le story board Le story board peut \u00eatre [&hellip;]\" \/>\n<meta property=\"og:url\" content=\"https:\/\/www.esae.fr\/videobox\/boite_a_outils_video\/generalites.html\" \/>\n<meta property=\"og:site_name\" content=\"ESAL - 2021\" \/>\n<meta name=\"twitter:card\" content=\"summary_large_image\" \/>\n<meta name=\"twitter:label1\" content=\"Est. reading time\" \/>\n\t<meta name=\"twitter:data1\" content=\"1 minute\" \/>\n<!-- \/ Yoast SEO plugin. -->","yoast_head_json":{"title":"G\u00e9n\u00e9ralit\u00e9s","robots":{"index":"index","follow":"follow","max-snippet":"max-snippet:-1","max-image-preview":"max-image-preview:large","max-video-preview":"max-video-preview:-1"},"canonical":"https:\/\/www.esae.fr\/videobox\/boite_a_outils_video\/generalites.html","og_type":"article","og_title":"G\u00e9n\u00e9ralit\u00e9s","og_description":"G\u00e9n\u00e9ralit\u00e9s 1.&nbsp;Le story board Le story board peut \u00eatre [&hellip;]","og_url":"https:\/\/www.esae.fr\/videobox\/boite_a_outils_video\/generalites.html","og_site_name":"ESAL - 2021","twitter_card":"summary_large_image","twitter_misc":{"Est. reading time":"1 minute"}},"_links":{"self":[{"href":"https:\/\/www.esae.fr\/index.php?rest_route=\/wp\/v2\/pages\/654","targetHints":{"allow":["GET"]}}],"collection":[{"href":"https:\/\/www.esae.fr\/index.php?rest_route=\/wp\/v2\/pages"}],"about":[{"href":"https:\/\/www.esae.fr\/index.php?rest_route=\/wp\/v2\/types\/page"}],"replies":[{"embeddable":true,"href":"https:\/\/www.esae.fr\/index.php?rest_route=%2Fwp%2Fv2%2Fcomments&post=654"}],"version-history":[{"count":0,"href":"https:\/\/www.esae.fr\/index.php?rest_route=\/wp\/v2\/pages\/654\/revisions"}],"wp:attachment":[{"href":"https:\/\/www.esae.fr\/index.php?rest_route=%2Fwp%2Fv2%2Fmedia&parent=654"}],"curies":[{"name":"wp","href":"https:\/\/api.w.org\/{rel}","templated":true}]}}