{"id":650,"date":"2026-04-13T14:28:22","date_gmt":"2026-04-13T14:28:22","guid":{"rendered":"http:\/\/esae.fr\/exp-premiere\/"},"modified":"2026-04-13T14:28:22","modified_gmt":"2026-04-13T14:28:22","slug":"exp-premiere","status":"publish","type":"page","link":"https:\/\/www.esae.fr\/videobox\/boite_a_outils_video\/exp_premiere.html","title":{"rendered":"Exp Premiere"},"content":{"rendered":"<div style=\"text-align: center; \">\n<div style=\"margin-bottom: 0px; margin-left: auto; margin-right: auto; margin-top: 0px; overflow: hidden; position: relative; word-wrap: break-word;  background: rgb(0, 0, 0); text-align: left; width: 700px; \" id=\"body_content\">\n<div style=\"margin-left: 0px; position: relative; width: 700px; z-index: 0; \" id=\"nav_layer\">\n<div style=\"height: 0px; line-height: 0px; \" class=\"bumper\"> <\/div>\n<div class=\"com-apple-iweb-widget-navbar flowDefining\" id=\"widget0\" style=\"margin-left: 35px; margin-top: 0px; opacity: 1.00; position: relative; width: 630px; z-index: 1; \">\n<div id=\"widget0-navbar\" class=\"navbar\">\n<div id=\"widget0-bg\" class=\"navbar-bg\">\n<ul id=\"widget0-navbar-list\" class=\"navbar-list\">\n<li><\/li>\n<\/ul>\n<\/div>\n<\/div><\/div>\n<p>          <script type=\"text\/javascript\"><!--\/\/--><![CDATA[\/\/><!--\nnew NavBar('widget0', 'Scripts\/Widgets\/Navbar', 'Scripts\/Widgets\/SharedResources', '.', {\"path-to-root\": \"\", \"navbar-css\": \".navbar {\\n\\tfont-family: Arial, sans-serif;\\n\\tfont-size: 1em;\\n\\tcolor: #A1A1A1;\\n\\tmargin: 9px 0px 6px 0px;\\n\\tline-height: 30px;\\n}\\n\\n.navbar-bg {\\n\\ttext-align: center;\\n}\\n\\n.navbar-bg ul {\\n\\tlist-style: none;\\n\\tmargin: 0px;\\n\\tpadding: 0px;\\n}\\n\\n\\nli {\\n\\tlist-style-type: none;\\n\\tdisplay: inline;\\n\\tpadding: 0px 10px 0px 10px;\\n}\\n\\n\\nli a {\\n\\ttext-decoration: none;\\n\\tcolor: #A1A1A1;\\n}\\n\\nli a:visited {\\n\\ttext-decoration: none;\\n\\tcolor: #A1A1A1;\\n}\\n\\n\\nli a:hover\\n{\\n\\ttext-decoration: none;\\n \\tcolor: #eee;\\n}\\n\\n\\nli.current-page a\\n{\\n\\ttext-decoration: none;\\n\\t color: #fff;\\n\\tfont-weight: bold;\\n\\n}\", \"current-page-GUID\": \"8F3A5DC8-2B33-4647-84A0-5E943E3D9AFB\", \"isCollectionPage\": \"NO\"});\n\/\/--><!]]><\/script><\/p>\n<div style=\"clear: both; height: 0px; line-height: 0px; \" class=\"spacer\"> <\/div>\n<\/p><\/div>\n<div style=\"height: 73px; margin-left: 0px; position: relative; width: 700px; z-index: 10; \" id=\"header_layer\">\n<div style=\"height: 0px; line-height: 0px; \" class=\"bumper\"> <\/div>\n<div id=\"id1\" style=\"height: 50px; left: 35px; position: absolute; top: 23px; width: 630px; z-index: 1; \" class=\"style_SkipStroke shape-with-text\">\n<div class=\"text-content style_External_630_50\" style=\"padding: 0px; \">\n<div class=\"style\">\n<p style=\"padding-bottom: 0pt; padding-top: 0pt; \" class=\"Header\">Exportation depuis Premi\u00e8re CS6<\/p>\n<\/p><\/div>\n<\/p><\/div>\n<\/p><\/div>\n<div style=\"height: 1px; width: 630px;  height: 1px; left: 35px; position: absolute; top: 83px; width: 630px; z-index: 1; \" class=\"tinyText\">\n<div style=\"position: relative; width: 630px; \">\n            <\/div>\n<\/p><\/div>\n<\/p><\/div>\n<div style=\"margin-left: 0px; position: relative; width: 700px; z-index: 5; \" id=\"body_layer\">\n<div style=\"height: 0px; line-height: 0px; \" class=\"bumper\"> <\/div>\n<div id=\"id2\" style=\"height: 376px; left: 34px; position: absolute; top: 170px; width: 633px; z-index: 1; \" class=\"style_SkipStroke_1 shape-with-text\">\n<div class=\"text-content graphic_textbox_layout_style_default_External_633_376\" style=\"padding: 0px; \">\n<div class=\"graphic_textbox_layout_style_default\">\n<p style=\"padding-top: 0pt; \" class=\"paragraph_style\"><span class=\"style_1\"><br class=\"bcnukro8ch6ntpqpa\"\/><\/span><\/p>\n<ol>\n<li style=\"line-height: 25px; padding-left: 50px; text-indent: -30px; \" class=\"full-width\" value=\"1\">\n<p style=\"text-indent: -30px; \" class=\"paragraph_style_1\"><span style=\"font-size: 18px; position: relative; top: 0px; \" class=\"Puce\">1.<\/span><span style=\"width: 15px; \" class=\"inline-block\">&nbsp;<\/span>Master<span class=\"style_1\"><br class=\"bcnukro8ch6ntpqpa\"\/><\/span><\/p>\n<\/li>\n<\/ol>\n<p class=\"paragraph_style\"><span class=\"style_1\"><br class=\"bcnukro8ch6ntpqpa\"\/><\/span><\/p>\n<p class=\"paragraph_style_2\"><span class=\"style_1\">Exporter au m\u00eame format que la s\u00e9quence<br class=\"bcnukro8ch6ntpqpa\"\/><\/span><\/p>\n<p class=\"paragraph_style_2\"><span class=\"style_1\">        Cliquez : Fichier &gt; Exporter &gt; Media&#8230;<br class=\"bcnukro8ch6ntpqpa\"\/><\/span><\/p>\n<p class=\"paragraph_style_2\"><span class=\"style_1\">                ou : File &gt; Export &gt; Media&#8230;<br class=\"bcnukro8ch6ntpqpa\"\/><\/span><\/p>\n<p class=\"paragraph_style_2\"><span class=\"style_1\"><br class=\"bcnukro8ch6ntpqpa\"\/><\/span><\/p>\n<p class=\"paragraph_style_2\"><span class=\"style_1\">puis s\u00e9l\u00e9ctionnez :<br class=\"bcnukro8ch6ntpqpa\"\/><\/span><\/p>\n<p class=\"paragraph_style_2\"><span class=\"style_1\"><br class=\"bcnukro8ch6ntpqpa\"\/><\/span><\/p>\n<ol>\n<li style=\"line-height: 20px; padding-left: 50px; text-indent: -30px; \" class=\"full-width\" value=\"1\">\n<p style=\"text-indent: -30px; \" class=\"paragraph_style_3\"><span style=\"font-size: 15px; \" class=\"Puce\">a.<\/span><span style=\"width: 17px; \" class=\"inline-block\">&nbsp;<\/span><span class=\"style_1\">Format : Quicktime<br class=\"bcnukro8ch6ntpqpa\"\/><\/span><\/p>\n<\/li>\n<li style=\"line-height: 20px; padding-left: 50px; text-indent: -30px; \" class=\"full-width\" value=\"2\">\n<p style=\"text-indent: -30px; \" class=\"paragraph_style_3\"><span style=\"font-size: 15px; \" class=\"Puce\">b.<\/span><span style=\"width: 17px; \" class=\"inline-block\">&nbsp;<\/span><span class=\"style_1\">Preset : Custom \/ Personnalis\u00e9<br class=\"bcnukro8ch6ntpqpa\"\/><\/span><\/p>\n<\/li>\n<li style=\"line-height: 20px; padding-left: 50px; text-indent: -30px; \" class=\"full-width\" value=\"3\">\n<p style=\"text-indent: -30px; \" class=\"paragraph_style_3\"><span style=\"font-size: 15px; \" class=\"Puce\">c.<\/span><span style=\"width: 18px; \" class=\"inline-block\">&nbsp;<\/span><span class=\"style_1\">Video codec : Apple ProRes 422<br class=\"bcnukro8ch6ntpqpa\"\/><\/span><\/p>\n<\/li>\n<li style=\"line-height: 20px; padding-left: 50px; text-indent: -30px; \" class=\"full-width\" value=\"4\">\n<p style=\"text-indent: -30px; \" class=\"paragraph_style_3\"><span style=\"font-size: 15px; \" class=\"Puce\">d.<\/span><span style=\"width: 17px; \" class=\"inline-block\">&nbsp;<\/span><span class=\"style_1\">Width \/ Largeur : 1920, Height \/ Hauteur : 1080<br class=\"bcnukro8ch6ntpqpa\"\/><\/span><\/p>\n<\/li>\n<li style=\"line-height: 20px; padding-left: 50px; text-indent: -30px; \" class=\"full-width\" value=\"5\">\n<p style=\"text-indent: -30px; \" class=\"paragraph_style_3\"><span style=\"font-size: 15px; \" class=\"Puce\">e.<\/span><span style=\"width: 17px; \" class=\"inline-block\">&nbsp;<\/span><span class=\"style_1\">Aspect : Square pixels \/ Pixels carr\u00e9s<br class=\"bcnukro8ch6ntpqpa\"\/><\/span><\/p>\n<\/li>\n<li style=\"line-height: 20px; padding-left: 50px; text-indent: -30px; \" class=\"full-width\" value=\"6\">\n<p style=\"text-indent: -30px; \" class=\"paragraph_style_3\"><span style=\"font-size: 15px; \" class=\"Puce\">f.<\/span><span style=\"width: 22px; \" class=\"inline-block\">&nbsp;<\/span><span class=\"style_1\">Exporter<br class=\"bcnukro8ch6ntpqpa\"\/><\/span><\/p>\n<\/li>\n<li style=\"line-height: 20px; padding-left: 50px; text-indent: -30px; \" class=\"full-width\" value=\"7\">\n<p style=\"padding-bottom: 0pt; text-indent: -30px; \" class=\"paragraph_style_3\"><span style=\"font-size: 15px; \" class=\"Puce\">g.<\/span><span style=\"width: 17px; \" class=\"inline-block\">&nbsp;<\/span><span class=\"style_1\">Vous pouvez sauvegarder ces r\u00e9glage en cliquant sur ce bouton.<\/span><\/p>\n<\/li>\n<\/ol><\/div>\n<\/p><\/div>\n<\/p><\/div>\n<div style=\"height: 634px; width: 656px;  height: 634px; left: 23px; position: absolute; top: 631px; width: 656px; z-index: 1; \" class=\"tinyText reflection_0\">\n<div style=\"position: relative; width: 656px; \">\n            <\/div>\n<\/p><\/div>\n<div style=\"height: 100px; width: 87px;  height: 97px; left: 440px; position: absolute; top: 596px; width: 84px; z-index: 1; \" class=\"tinyText\">\n<div style=\"position: relative; width: 84px; \">\n            <\/div>\n<\/p><\/div>\n<div style=\"height: 127px; width: 101px;  height: 124px; left: 400px; position: absolute; top: 600px; width: 99px; z-index: 1; \" class=\"tinyText\">\n<div style=\"position: relative; width: 99px; \">\n            <\/div>\n<\/p><\/div>\n<div style=\"height: 350px; width: 193px;  height: 347px; left: 347px; position: absolute; top: 598px; width: 190px; z-index: 1; \" class=\"tinyText\">\n<div style=\"position: relative; width: 190px; \">\n            <\/div>\n<\/p><\/div>\n<div style=\"height: 455px; width: 202px;  height: 454px; left: 294px; position: absolute; top: 597px; width: 198px; z-index: 1; \" class=\"tinyText\">\n<div style=\"position: relative; width: 198px; \">\n            <\/div>\n<\/p><\/div>\n<div style=\"height: 548px; width: 234px;  height: 547px; left: 234px; position: absolute; top: 597px; width: 229px; z-index: 1; \" class=\"tinyText\">\n<div style=\"position: relative; width: 229px; \">\n            <\/div>\n<\/p><\/div>\n<div id=\"id3\" style=\"height: 27px; left: 422px; position: absolute; top: 568px; width: 36px; z-index: 1; \" class=\"style_SkipStroke_1 shape-with-text\">\n<div class=\"text-content graphic_textbox_layout_style_default_External_36_27\" style=\"padding: 0px; \">\n<div class=\"graphic_textbox_layout_style_default\">\n<p style=\"padding-bottom: 0pt; padding-top: 0pt; \" class=\"Body\">a<\/p>\n<\/p><\/div>\n<\/p><\/div>\n<\/p><\/div>\n<div id=\"id4\" style=\"height: 30px; left: 382px; position: absolute; top: 568px; width: 36px; z-index: 1; \" class=\"style_SkipStroke_1 shape-with-text\">\n<div class=\"text-content graphic_textbox_layout_style_default_External_36_30\" style=\"padding: 0px; \">\n<div class=\"graphic_textbox_layout_style_default\">\n<p style=\"padding-bottom: 0pt; padding-top: 0pt; \" class=\"Body\">b<\/p>\n<\/p><\/div>\n<\/p><\/div>\n<\/p><\/div>\n<div id=\"id5\" style=\"height: 27px; left: 332px; position: absolute; top: 568px; width: 36px; z-index: 1; \" class=\"style_SkipStroke_1 shape-with-text\">\n<div class=\"text-content graphic_textbox_layout_style_default_External_36_27\" style=\"padding: 0px; \">\n<div class=\"graphic_textbox_layout_style_default\">\n<p style=\"padding-bottom: 0pt; padding-top: 0pt; \" class=\"Body\">c<\/p>\n<\/p><\/div>\n<\/p><\/div>\n<\/p><\/div>\n<div id=\"id6\" style=\"height: 27px; left: 282px; position: absolute; top: 568px; width: 36px; z-index: 1; \" class=\"style_SkipStroke_1 shape-with-text\">\n<div class=\"text-content graphic_textbox_layout_style_default_External_36_27\" style=\"padding: 0px; \">\n<div class=\"graphic_textbox_layout_style_default\">\n<p style=\"padding-bottom: 0pt; padding-top: 0pt; \" class=\"Body\">d<\/p>\n<\/p><\/div>\n<\/p><\/div>\n<\/p><\/div>\n<div id=\"id7\" style=\"height: 27px; left: 222px; position: absolute; top: 568px; width: 36px; z-index: 1; \" class=\"style_SkipStroke_1 shape-with-text\">\n<div class=\"text-content graphic_textbox_layout_style_default_External_36_27\" style=\"padding: 0px; \">\n<div class=\"graphic_textbox_layout_style_default\">\n<p style=\"padding-bottom: 0pt; padding-top: 0pt; \" class=\"Body\">e<\/p>\n<\/p><\/div>\n<\/p><\/div>\n<\/p><\/div>\n<div style=\"height: 130px; width: 21px;  height: 130px; left: 561px; position: absolute; top: 1259px; width: 1px; z-index: 1; \" class=\"tinyText\">\n<div style=\"position: relative; width: 1px; \">\n            <\/div>\n<\/p><\/div>\n<div id=\"id8\" style=\"height: 27px; left: 554px; position: absolute; top: 1390px; width: 36px; z-index: 1; \" class=\"style_SkipStroke_1 shape-with-text\">\n<div class=\"text-content graphic_textbox_layout_style_default_External_36_27\" style=\"padding: 0px; \">\n<div class=\"graphic_textbox_layout_style_default\">\n<p style=\"padding-bottom: 0pt; padding-top: 0pt; \" class=\"Body\">f<\/p>\n<\/p><\/div>\n<\/p><\/div>\n<\/p><\/div>\n<div style=\"height: 650px; width: 21px;  height: 650px; left: 608px; position: absolute; top: 739px; width: 1px; z-index: 1; \" class=\"tinyText\">\n<div style=\"position: relative; width: 1px; \">\n            <\/div>\n<\/p><\/div>\n<div id=\"id9\" style=\"height: 27px; left: 600px; position: absolute; top: 1389px; width: 36px; z-index: 1; \" class=\"style_SkipStroke_1 shape-with-text\">\n<div class=\"text-content graphic_textbox_layout_style_default_External_36_27\" style=\"padding: 0px; \">\n<div class=\"graphic_textbox_layout_style_default\">\n<p style=\"padding-bottom: 0pt; padding-top: 0pt; \" class=\"Body\">g<\/p>\n<\/p><\/div>\n<\/p><\/div>\n<\/p><\/div>\n<div id=\"id10\" style=\"height: 393px; left: 34px; position: absolute; top: 1450px; width: 633px; z-index: 1; \" class=\"style_SkipStroke_1 shape-with-text\">\n<div class=\"text-content graphic_textbox_layout_style_default_External_633_393\" style=\"padding: 0px; \">\n<div class=\"graphic_textbox_layout_style_default\">\n<p style=\"padding-top: 0pt; \" class=\"paragraph_style\"><span class=\"style_1\"><br class=\"bcnukro8ch6ntpqpa\"\/><\/span><\/p>\n<ol>\n<li style=\"line-height: 25px; padding-left: 50px; text-indent: -30px; \" class=\"full-width\" value=\"1\">\n<p style=\"text-indent: -30px; \" class=\"paragraph_style_1\"><span style=\"font-size: 18px; position: relative; top: 0px; \" class=\"Puce\">1.<\/span><span style=\"width: 15px; \" class=\"inline-block\">&nbsp;<\/span>Diffusion<span class=\"style_1\"><br class=\"bcnukro8ch6ntpqpa\"\/><\/span><\/p>\n<\/li>\n<\/ol>\n<p class=\"paragraph_style\"><span class=\"style_1\"><br class=\"bcnukro8ch6ntpqpa\"\/><\/span><\/p>\n<p class=\"paragraph_style_2\"><span class=\"style_1\">Exporter au format plus l\u00e9ger<br class=\"bcnukro8ch6ntpqpa\"\/><\/span><\/p>\n<p class=\"paragraph_style_2\"><span class=\"style_1\">        Cliquez : Fichier &gt; Exporter &gt; Media&#8230;<br class=\"bcnukro8ch6ntpqpa\"\/><\/span><\/p>\n<p class=\"paragraph_style_2\"><span class=\"style_1\">                ou : File &gt; Export &gt; Media&#8230;<br class=\"bcnukro8ch6ntpqpa\"\/><\/span><\/p>\n<p class=\"paragraph_style_2\"><span class=\"style_1\"><br class=\"bcnukro8ch6ntpqpa\"\/><\/span><\/p>\n<p class=\"paragraph_style_2\"><span class=\"style_1\">puis s\u00e9l\u00e9ctionnez :<br class=\"bcnukro8ch6ntpqpa\"\/><\/span><\/p>\n<p class=\"paragraph_style_2\"><span class=\"style_1\"><br class=\"bcnukro8ch6ntpqpa\"\/><\/span><\/p>\n<ol>\n<li style=\"line-height: 20px; padding-left: 50px; text-indent: -30px; \" class=\"full-width\" value=\"1\">\n<p style=\"text-indent: -30px; \" class=\"paragraph_style_3\"><span style=\"font-size: 15px; \" class=\"Puce\">a.<\/span><span style=\"width: 17px; \" class=\"inline-block\">&nbsp;<\/span><span class=\"style_1\">Format : Quicktime<br class=\"bcnukro8ch6ntpqpa\"\/><\/span><\/p>\n<\/li>\n<li style=\"line-height: 20px; padding-left: 50px; text-indent: -30px; \" class=\"full-width\" value=\"2\">\n<p style=\"text-indent: -30px; \" class=\"paragraph_style_3\"><span style=\"font-size: 15px; \" class=\"Puce\">b.<\/span><span style=\"width: 17px; \" class=\"inline-block\">&nbsp;<\/span><span class=\"style_1\">Preset : HD 1080i 25, H264, AAC 48Khz ou Custom \/ Personnalis\u00e9 si ce preset n\u2019existe pas.<br class=\"bcnukro8ch6ntpqpa\"\/><\/span><\/p>\n<\/li>\n<\/ol>\n<p class=\"paragraph_style_2\"><span class=\"style_1\">V\u00e9rifiez :<br class=\"bcnukro8ch6ntpqpa\"\/><\/span><\/p>\n<ol>\n<li style=\"line-height: 20px; padding-left: 50px; text-indent: -30px; \" class=\"full-width\" value=\"3\">\n<p style=\"text-indent: -30px; \" class=\"paragraph_style_3\"><span style=\"font-size: 15px; \" class=\"Puce\">c.<\/span><span style=\"width: 18px; \" class=\"inline-block\">&nbsp;<\/span><span class=\"style_1\">Video codec : H.264<br class=\"bcnukro8ch6ntpqpa\"\/><\/span><\/p>\n<\/li>\n<li style=\"line-height: 20px; padding-left: 50px; text-indent: -30px; \" class=\"full-width\" value=\"4\">\n<p style=\"text-indent: -30px; \" class=\"paragraph_style_3\"><span style=\"font-size: 15px; \" class=\"Puce\">d.<\/span><span style=\"width: 17px; \" class=\"inline-block\">&nbsp;<\/span><span class=\"style_1\">Width \/ Largeur : 1920, Height \/ Hauteur : 1080<br class=\"bcnukro8ch6ntpqpa\"\/><\/span><\/p>\n<\/li>\n<li style=\"line-height: 20px; padding-left: 50px; text-indent: -30px; \" class=\"full-width\" value=\"5\">\n<p style=\"text-indent: -30px; \" class=\"paragraph_style_3\"><span style=\"font-size: 15px; \" class=\"Puce\">e.<\/span><span style=\"width: 17px; \" class=\"inline-block\">&nbsp;<\/span><span class=\"style_1\">Aspect : Square pixels \/ Pixels carr\u00e9s<br class=\"bcnukro8ch6ntpqpa\"\/><\/span><\/p>\n<\/li>\n<li style=\"line-height: 20px; padding-left: 50px; text-indent: -30px; \" class=\"full-width\" value=\"6\">\n<p style=\"text-indent: -30px; \" class=\"paragraph_style_3\"><span style=\"font-size: 15px; \" class=\"Puce\">f.<\/span><span style=\"width: 22px; \" class=\"inline-block\">&nbsp;<\/span><span class=\"style_1\">Exporter<br class=\"bcnukro8ch6ntpqpa\"\/><\/span><\/p>\n<\/li>\n<li style=\"line-height: 20px; padding-left: 50px; text-indent: -30px; \" class=\"full-width\" value=\"7\">\n<p style=\"padding-bottom: 0pt; text-indent: -30px; \" class=\"paragraph_style_3\"><span style=\"font-size: 15px; \" class=\"Puce\">g.<\/span><span style=\"width: 17px; \" class=\"inline-block\">&nbsp;<\/span><span class=\"style_1\">Vous pouvez sauvegarder ces r\u00e9glage en cliquant sur ce bouton.<\/span><\/p>\n<\/li>\n<\/ol><\/div>\n<\/p><\/div>\n<\/p><\/div>\n<div style=\"height: 636px; width: 656px;  height: 636px; left: 23px; position: absolute; top: 1927px; width: 656px; z-index: 1; \" class=\"tinyText reflection_1\">\n<div style=\"position: relative; width: 656px; \">\n            <\/div>\n<\/p><\/div>\n<div style=\"height: 100px; width: 87px;  height: 97px; left: 440px; position: absolute; top: 1876px; width: 84px; z-index: 1; \" class=\"tinyText\">\n<div style=\"position: relative; width: 84px; \">\n            <\/div>\n<\/p><\/div>\n<div style=\"height: 127px; width: 101px;  height: 124px; left: 400px; position: absolute; top: 1880px; width: 99px; z-index: 1; \" class=\"tinyText\">\n<div style=\"position: relative; width: 99px; \">\n            <\/div>\n<\/p><\/div>\n<div style=\"height: 350px; width: 193px;  height: 347px; left: 347px; position: absolute; top: 1878px; width: 190px; z-index: 1; \" class=\"tinyText\">\n<div style=\"position: relative; width: 190px; \">\n            <\/div>\n<\/p><\/div>\n<div style=\"height: 455px; width: 202px;  height: 454px; left: 294px; position: absolute; top: 1877px; width: 198px; z-index: 1; \" class=\"tinyText\">\n<div style=\"position: relative; width: 198px; \">\n            <\/div>\n<\/p><\/div>\n<div style=\"height: 548px; width: 234px;  height: 547px; left: 234px; position: absolute; top: 1877px; width: 229px; z-index: 1; \" class=\"tinyText\">\n<div style=\"position: relative; width: 229px; \">\n            <\/div>\n<\/p><\/div>\n<div id=\"id11\" style=\"height: 27px; left: 422px; position: absolute; top: 1848px; width: 36px; z-index: 1; \" class=\"style_SkipStroke_1 shape-with-text\">\n<div class=\"text-content graphic_textbox_layout_style_default_External_36_27\" style=\"padding: 0px; \">\n<div class=\"graphic_textbox_layout_style_default\">\n<p style=\"padding-bottom: 0pt; padding-top: 0pt; \" class=\"Body\">a<\/p>\n<\/p><\/div>\n<\/p><\/div>\n<\/p><\/div>\n<div id=\"id12\" style=\"height: 30px; left: 382px; position: absolute; top: 1848px; width: 36px; z-index: 1; \" class=\"style_SkipStroke_1 shape-with-text\">\n<div class=\"text-content graphic_textbox_layout_style_default_External_36_30\" style=\"padding: 0px; \">\n<div class=\"graphic_textbox_layout_style_default\">\n<p style=\"padding-bottom: 0pt; padding-top: 0pt; \" class=\"Body\">b<\/p>\n<\/p><\/div>\n<\/p><\/div>\n<\/p><\/div>\n<div id=\"id13\" style=\"height: 27px; left: 332px; position: absolute; top: 1848px; width: 36px; z-index: 1; \" class=\"style_SkipStroke_1 shape-with-text\">\n<div class=\"text-content graphic_textbox_layout_style_default_External_36_27\" style=\"padding: 0px; \">\n<div class=\"graphic_textbox_layout_style_default\">\n<p style=\"padding-bottom: 0pt; padding-top: 0pt; \" class=\"Body\">c<\/p>\n<\/p><\/div>\n<\/p><\/div>\n<\/p><\/div>\n<div id=\"id14\" style=\"height: 27px; left: 282px; position: absolute; top: 1848px; width: 36px; z-index: 1; \" class=\"style_SkipStroke_1 shape-with-text\">\n<div class=\"text-content graphic_textbox_layout_style_default_External_36_27\" style=\"padding: 0px; \">\n<div class=\"graphic_textbox_layout_style_default\">\n<p style=\"padding-bottom: 0pt; padding-top: 0pt; \" class=\"Body\">d<\/p>\n<\/p><\/div>\n<\/p><\/div>\n<\/p><\/div>\n<div id=\"id15\" style=\"height: 27px; left: 222px; position: absolute; top: 1848px; width: 36px; z-index: 1; \" class=\"style_SkipStroke_1 shape-with-text\">\n<div class=\"text-content graphic_textbox_layout_style_default_External_36_27\" style=\"padding: 0px; \">\n<div class=\"graphic_textbox_layout_style_default\">\n<p style=\"padding-bottom: 0pt; padding-top: 0pt; \" class=\"Body\">e<\/p>\n<\/p><\/div>\n<\/p><\/div>\n<\/p><\/div>\n<div style=\"height: 105px; width: 21px;  height: 105px; left: 561px; position: absolute; top: 2539px; width: 1px; z-index: 1; \" class=\"tinyText\">\n<div style=\"position: relative; width: 1px; \">\n            <\/div>\n<\/p><\/div>\n<div id=\"id16\" style=\"height: 27px; left: 554px; position: absolute; top: 2650px; width: 36px; z-index: 1; \" class=\"style_SkipStroke_1 shape-with-text\">\n<div class=\"text-content graphic_textbox_layout_style_default_External_36_27\" style=\"padding: 0px; \">\n<div class=\"graphic_textbox_layout_style_default\">\n<p style=\"padding-bottom: 0pt; padding-top: 0pt; \" class=\"Body\">f<\/p>\n<\/p><\/div>\n<\/p><\/div>\n<\/p><\/div>\n<div style=\"height: 105px; width: 21px;  height: 105px; left: 607px; position: absolute; top: 1885px; width: 1px; z-index: 1; \" class=\"tinyText\">\n<div style=\"position: relative; width: 1px; \">\n            <\/div>\n<\/p><\/div>\n<div id=\"id17\" style=\"height: 27px; left: 597px; position: absolute; top: 1849px; width: 36px; z-index: 1; \" class=\"style_SkipStroke_1 shape-with-text\">\n<div class=\"text-content graphic_textbox_layout_style_default_External_36_27\" style=\"padding: 0px; \">\n<div class=\"graphic_textbox_layout_style_default\">\n<p style=\"padding-bottom: 0pt; padding-top: 0pt; \" class=\"Body\">g<\/p>\n<\/p><\/div>\n<\/p><\/div>\n<\/p><\/div>\n<div id=\"id18\" style=\"height: 41px; left: 30px; position: absolute; top: 43px; width: 636px; z-index: 1; \" class=\"style_SkipStroke_1 shape-with-text\">\n<div class=\"text-content graphic_textbox_layout_style_default_External_636_41\" style=\"padding: 0px; \">\n<div class=\"graphic_textbox_layout_style_default\">\n<p style=\"padding-bottom: 0pt; padding-top: 0pt; \" class=\"paragraph_style_4\">Pensez \u00e0 mettre 5 secondes de noir \u00e0 la fin de votre film<\/p>\n<\/p><\/div>\n<\/p><\/div>\n<\/p><\/div>\n<div style=\"height: 2677px; line-height: 2677px; \" class=\"spacer\"> <\/div>\n<\/p><\/div>\n<div style=\"height: 150px; margin-left: 0px; position: relative; width: 700px; z-index: 15; \" id=\"footer_layer\">\n<div style=\"height: 0px; line-height: 0px; \" class=\"bumper\"> <\/div>\n<\/p><\/div>\n<\/p><\/div>\n<\/p><\/div>\n","protected":false,"raw":""},"excerpt":{"rendered":"<p>Exportation depuis Premi\u00e8re CS6 1.&nbsp;Master Exporter au m\u00eame format [&hellip;]<\/p>\n","protected":false},"author":0,"featured_media":0,"parent":0,"menu_order":0,"comment_status":"closed","ping_status":"closed","template":"template_7.php","meta":{"footnotes":""},"class_list":["post-650","page","type-page","status-publish","hentry"],"yoast_head":"<!-- This site is optimized with the Yoast SEO plugin v24.2 - https:\/\/yoast.com\/wordpress\/plugins\/seo\/ -->\n<title>Exportation depuis Premi\u00e8re CS6<\/title>\n<meta name=\"robots\" content=\"index, follow, max-snippet:-1, max-image-preview:large, max-video-preview:-1\" \/>\n<link rel=\"canonical\" href=\"https:\/\/www.esae.fr\/videobox\/boite_a_outils_video\/exp_premiere.html\" \/>\n<meta property=\"og:type\" content=\"article\" \/>\n<meta property=\"og:title\" content=\"Exportation depuis Premi\u00e8re CS6\" \/>\n<meta property=\"og:description\" content=\"Exportation depuis Premi\u00e8re CS6 1.&nbsp;Master Exporter au m\u00eame format [&hellip;]\" \/>\n<meta property=\"og:url\" content=\"https:\/\/www.esae.fr\/videobox\/boite_a_outils_video\/exp_premiere.html\" \/>\n<meta property=\"og:site_name\" content=\"ESAL - 2021\" \/>\n<meta name=\"twitter:card\" content=\"summary_large_image\" \/>\n<meta name=\"twitter:label1\" content=\"Est. reading time\" \/>\n\t<meta name=\"twitter:data1\" content=\"1 minute\" \/>\n<!-- \/ Yoast SEO plugin. -->","yoast_head_json":{"title":"Exportation depuis Premi\u00e8re CS6","robots":{"index":"index","follow":"follow","max-snippet":"max-snippet:-1","max-image-preview":"max-image-preview:large","max-video-preview":"max-video-preview:-1"},"canonical":"https:\/\/www.esae.fr\/videobox\/boite_a_outils_video\/exp_premiere.html","og_type":"article","og_title":"Exportation depuis Premi\u00e8re CS6","og_description":"Exportation depuis Premi\u00e8re CS6 1.&nbsp;Master Exporter au m\u00eame format [&hellip;]","og_url":"https:\/\/www.esae.fr\/videobox\/boite_a_outils_video\/exp_premiere.html","og_site_name":"ESAL - 2021","twitter_card":"summary_large_image","twitter_misc":{"Est. reading time":"1 minute"}},"_links":{"self":[{"href":"https:\/\/www.esae.fr\/index.php?rest_route=\/wp\/v2\/pages\/650","targetHints":{"allow":["GET"]}}],"collection":[{"href":"https:\/\/www.esae.fr\/index.php?rest_route=\/wp\/v2\/pages"}],"about":[{"href":"https:\/\/www.esae.fr\/index.php?rest_route=\/wp\/v2\/types\/page"}],"replies":[{"embeddable":true,"href":"https:\/\/www.esae.fr\/index.php?rest_route=%2Fwp%2Fv2%2Fcomments&post=650"}],"version-history":[{"count":0,"href":"https:\/\/www.esae.fr\/index.php?rest_route=\/wp\/v2\/pages\/650\/revisions"}],"wp:attachment":[{"href":"https:\/\/www.esae.fr\/index.php?rest_route=%2Fwp%2Fv2%2Fmedia&parent=650"}],"curies":[{"name":"wp","href":"https:\/\/api.w.org\/{rel}","templated":true}]}}