{"id":147,"date":"2026-04-13T14:27:09","date_gmt":"2026-04-13T14:27:09","guid":{"rendered":"http:\/\/esae.fr\/content-id-45\/"},"modified":"2026-04-13T14:27:09","modified_gmt":"2026-04-13T14:27:09","slug":"content-id-45","status":"publish","type":"page","link":"https:\/\/www.esae.fr\/content_id-45.html","title":{"rendered":"Content Id 45"},"content":{"rendered":"<div id=\"sommaire_esal\" class=\"sommaire_esal\">\n<div class=\"wrapper\">\n<div class=\"liste\">\n<h4><span id=\"surligne\">Actualit&eacute;s<\/span><\/h4>\n<ul>\n<li><a href=\"https:\/\/www.esae.fr\/actus_rub-ecole.html\" onclick=\"javascript:afficher_cacher('sommaire_esal');\">&#8211; Actualit&eacute;s de l&#8217;&eacute;cole<\/a><\/li>\n<li><a href=\"https:\/\/www.esae.fr\/actus_rub-etudiants.html\" onclick=\"javascript:afficher_cacher('sommaire_esal');\">&#8211; Actus des anciens &eacute;tudiants<\/a><\/li>\n<li><a href=\"https:\/\/www.esae.fr\/actus_rub-enseignants.html\" onclick=\"javascript:afficher_cacher('sommaire_esal');\">&#8211; Actus des enseignants <\/a><\/li>\n<li><a href=\"https:\/\/www.esae.fr\/actus_rub-newsletters.html\" onclick=\"javascript:afficher_cacher('sommaire_esal');\">&#8211; Newsletters <\/a><\/li>\n<\/ul><\/div>\n<div class=\"liste\">\n<h4><span id=\"surligne\">P&eacute;dagogie<\/span><\/h4>\n<ul>\n<li><a href=\"https:\/\/www.esae.fr\/pedagogie_id-2.html\" onclick=\"javascript:afficher_cacher('sommaire_esal');\">&#8211; &Eacute;quipe p&eacute;dagogique<\/a><\/li>\n<li><a href=\"https:\/\/www.esae.fr\/pedagogie_id-1.html\" onclick=\"javascript:afficher_cacher('sommaire_esal');\">&#8211; Les intervenants<\/a><\/li>\n<li><a href=\"https:\/\/www.esae.fr\/pedagogie_id-3.html\" onclick=\"javascript:afficher_cacher('sommaire_esal');\">&#8211; Projet de l&#8217;&eacute;cole<\/a><\/li>\n<li><a href=\"https:\/\/www.esae.fr\/pedagogie_id-4.html\" onclick=\"javascript:afficher_cacher('sommaire_esal');\">&#8211; Les enseignements<\/a><\/li>\n<li><a href=\"https:\/\/www.esae.fr\/pedagogie_id-55.html\" onclick=\"javascript:afficher_cacher('sommaire_esal');\">&#8211; Les perspectives&#8230;<\/a><\/li>\n<li><strong>Pr&eacute;cis de cours :<\/strong><br class=\"bcnukro8ch6ntpqpa\"\/><br \/>\n<a style=\"margin-left:50px;\" href=\"https:\/\/www.esae.fr\/pedagogie_id-14.html\" onclick=\"javascript:afficher_cacher('sommaire_esal');\">&ndash; Ann&eacute;e 1<\/a><br class=\"bcnukro8ch6ntpqpa\"\/><br \/>\n<a style=\"margin-left:50px;\" href=\"https:\/\/www.esae.fr\/pedagogie_id-29.html\" onclick=\"javascript:afficher_cacher('sommaire_esal');\">&ndash; Ann&eacute;e 2<\/a><br class=\"bcnukro8ch6ntpqpa\"\/><br \/>\n<a style=\"margin-left:50px;\" href=\"https:\/\/www.esae.fr\/pedagogie_id-42.html\" onclick=\"javascript:afficher_cacher('sommaire_esal');\">&ndash; Ann&eacute;e 3<\/a><\/li>\n<li><a href=\"https:\/\/www.esae.fr\/pedagogie_id-57.html\" onclick=\"javascript:afficher_cacher('sommaire_esal');\">&#8211; Calendrier &#038; planning<\/a><\/li>\n<li><a href=\"https:\/\/www.esae.fr\/pedagogie_id-58.html\" onclick=\"javascript:afficher_cacher('sommaire_esal');\">&#8211; Cours du soir<\/a><\/li>\n<li><a href=\"https:\/\/etudiant.archi.fr\/taiga\/etd\/index.php?ce=amtz\" target=\"_blank\" onclick=\"javascript:afficher_cacher('sommaire_esal');\">&rarr; Ta\u00efga &#8211; Portail Etudiants<\/a><\/li>\n<li><a href=\"https:\/\/enseignant.archi.fr\/taiga\/esn\/index.php?ce=amtz\" target=\"_blank\" onclick=\"javascript:afficher_cacher('sommaire_esal');\">&rarr; Ta\u00efga &#8211; Portail Enseignants<\/a><\/li>\n<\/ul><\/div>\n<div class=\"liste\">\n<h4><span id=\"surligne\">Images d&#8217;&eacute;cole<\/span><\/h4>\n<ul>\n<li><a href=\"https:\/\/www.esae.fr\/images_rubrique-editions.html\" onclick=\"javascript:afficher_cacher('sommaire_esal');\">&#8211; &Eacute;ditions<\/a><\/li>\n<li><a href=\"https:\/\/www.esae.fr\/images_rubrique-design-graphique.html\" onclick=\"javascript:afficher_cacher('sommaire_esal');\">&#8211; Design graphique<\/a><\/li>\n<li><a href=\"https:\/\/vimeo.com\/user90384037\" target=\"_blank\" onclick=\"javascript:afficher_cacher('sommaire_esal');\">&#8211; Image mouvement et animation<\/a><\/li>\n<li><a href=\"https:\/\/www.esae.fr\/images_rubrique-multimedia.html\" onclick=\"javascript:afficher_cacher('sommaire_esal');\">&#8211; Multim&eacute;dia<\/a><\/li>\n<li><a href=\"https:\/\/www.esae.fr\/images_rubrique-motion-design.html\" onclick=\"javascript:afficher_cacher('sommaire_esal');\">&#8211; Design mouvement<\/a><\/li>\n<li><a href=\"https:\/\/www.esae.fr\/images_rubrique-photographie.html\" onclick=\"javascript:afficher_cacher('sommaire_esal');\">&#8211; Photographie<\/a><\/li>\n<li><a href=\"https:\/\/www.esae.fr\/images_rubrique-evenementiel.html\" onclick=\"javascript:afficher_cacher('sommaire_esal');\">&#8211; &Eacute;v&eacute;nementiel<\/a><\/li>\n<li><a href=\"https:\/\/www.esae.fr\/images_rubrique-bureau-dessin.html\" onclick=\"javascript:afficher_cacher('sommaire_esal');\">&#8211; Le Bureau du Dessin<\/a><\/li>\n<li><a href=\"https:\/\/www.esae.fr\/images_rubrique-projets-dnat.html\" onclick=\"javascript:afficher_cacher('sommaire_esal');\">&#8211; Les projets DNAT<\/a><\/li>\n<\/ul><\/div>\n<div class=\"liste\">\n<h4><span id=\"surligne\">Les &eacute;tudiants<\/span><\/h4>\n<ul>\n<li><a href=\"https:\/\/www.esae.fr\/etudiants_id-39.html\" onclick=\"javascript:afficher_cacher('sommaire_esal');\">&#8211; Sites des &eacute;tudiants<\/a><\/li>\n<li><a href=\"https:\/\/www.esae.fr\/toolbox.html\" target=\"_blank\" onclick=\"javascript:afficher_cacher('sommaire_esal');\">&#8211; La bo&icirc;te &agrave; outils<\/a><\/li>\n<li><a href=\"https:\/\/www.esae.fr\/pedagogie_id-56.html\" onclick=\"javascript:afficher_cacher('sommaire_esal');\">&#8211; Publications des &eacute;saliens<\/a><\/li>\n<li><a href=\"http:\/\/www.etudiant-epinal.com\/\" target=\"_blank\" onclick=\"javascript:afficher_cacher('sommaire_esal');\"> <\/a><a href=\"https:\/\/www.facebook.com\/groups\/107749590637\/\" target=\"_blank\" onclick=\"javascript:afficher_cacher('sommaire_esal');\">&rarr; FaceBook<\/a><\/li>\n<\/ul><\/div>\n<div class=\"liste\">\n<h4><span id=\"surligne\">Inscriptions<\/span><\/h4>\n<ul>\n    <!--\n\n<li><a href=\"content.php?id=91\" onClick=\"javascript:afficher_cacher('sommaire_esal');\">- COVID19 nouvelles modalit\u00e9s<\/a><\/li>\n\n--><\/p>\n<li><a href=\"https:\/\/www.esae.fr\/inscriptions_id-31.html\" onclick=\"javascript:afficher_cacher('sommaire_esal');\">&#8211; Calendrier<\/a><\/li>\n<li><a href=\"https:\/\/www.esae.fr\/inscriptions_id-32.html\" onclick=\"javascript:afficher_cacher('sommaire_esal');\">&#8211; Inscription concours 1<sup>&egrave;re<\/sup> ann&eacute;e<\/a><\/li>\n<p>\t  <!--\n\n<li><a href=\"inscriptions.php?id=36\" onClick=\"javascript:afficher_cacher('sommaire_esal');\">- Modalit\u00e9s d'inscription pour les \u00e9tudiants admis au concours 20\/21<\/a><\/li>\n\n--><\/p>\n<li><a href=\"https:\/\/www.esae.fr\/inscriptions_id-33.html\" onclick=\"javascript:afficher_cacher('sommaire_esal');\">&#8211; Commission &eacute;quivalence<\/a><\/li>\n<li><a href=\"http:\/\/www.etudiant-epinal.com\/\" target=\"_blank\" onclick=\"javascript:afficher_cacher('sommaire_esal');\">&rarr; La vie &eacute;tudiante (AGSU)<\/a><\/li>\n<\/ul><\/div>\n<\/div>\n<p><script type=\"text\/javascript\">\n  \/\/<!--\n\t  afficher_cacher('sommaire_esal');\n  \/\/-->\n<\/script>\n<\/div>\n<div class=\"wrapper\">\n<div class=\"slider\" style=\"background-image:url(https:\/\/www.esae.fr\/files\/images\/fond54.jpg);\" \"><\/div>\n<div class=\"content\">\n<div class=\"fleches\"><a title=\"ACTU SUIVANTE\" href=\"https:\/\/www.esae.fr\/content_id-49.html\"><img decoding=\"async\" title=\"ACTU SUIV.\" src=\"https:\/\/www.esae.fr\/files\/images\/_suiv.gif\"\/><\/a><\/div>\n<div class=\"fleches\"><a title=\"ACTU PR\u00c9C\u00c9DENTE\" href=\"https:\/\/www.esae.fr\/content_id-51.html\"><img decoding=\"async\" title=\"ACTU PR\u00c9C.\" src=\"https:\/\/www.esae.fr\/files\/images\/_prec.gif\"\/><\/a><\/div>\n<div class=\"fleches\"><a href=\"https:\/\/www.esae.fr\/index_php.html\"><img decoding=\"async\" title=\"ACCUEIL\" src=\"https:\/\/www.esae.fr\/files\/images\/_retour.gif\"\/><\/a><\/div>\n<div class=\"rubrique\">Admissions<\/div>\n<h3>R\u00e9sultats concours d\u2019entr\u00e9e DNA1 2019<\/h3>\n<p class=\"bcnukro8ch6ntpqpa\"><strong>Les modalit&eacute;s d&#8217;inscription sont disponibles &agrave; cette adresse : <\/strong><a title=\"Modalit\u00e9s d'inscriptions an 1\u00e8re ann\u00e9e\" href=\"https:\/\/www.esae.fr\/inscriptions_id-36.html\">Modalit&eacute;s d&#8217;inscription en 1&egrave;re ann&eacute;e<\/a><\/p>\n<p class=\"bcnukro8ch6ntpqpa\"><br class=\"bcnukro8ch6ntpqpa\"\/>Les candidats sur liste d&#8217;attente seront appel&eacute;s au fur et &agrave; mesure des places disponibles<\/p>\n<div class=\"etudiants\">\n<p class=\"bcnukro8ch6ntpqpa\"><strong>Sont admis en DNA1 pour l&rsquo;ann&eacute;e universitaire 2019\/2020 au sein de l&rsquo;ESAL site &Eacute;PINAL&nbsp;:<\/strong><\/p>\n<p class=\"bcnukro8ch6ntpqpa\">ADI Ma&euml;lle <br class=\"bcnukro8ch6ntpqpa\"\/>ANESE Roxanne <br class=\"bcnukro8ch6ntpqpa\"\/>BARRETIERI Lucie <br class=\"bcnukro8ch6ntpqpa\"\/>BEAUVIR Jade <br class=\"bcnukro8ch6ntpqpa\"\/>BEGUE Audrey <br class=\"bcnukro8ch6ntpqpa\"\/>BERAUD Robin <br class=\"bcnukro8ch6ntpqpa\"\/>BOUCREUX S&eacute;raphine <br class=\"bcnukro8ch6ntpqpa\"\/>BRABANT Youri <br class=\"bcnukro8ch6ntpqpa\"\/>BRU Morgane <br class=\"bcnukro8ch6ntpqpa\"\/>CAILLOT Marguerite <br class=\"bcnukro8ch6ntpqpa\"\/>CHALAYER Laetitia <br class=\"bcnukro8ch6ntpqpa\"\/>COLSON-MAGDELAINE Lylan <br class=\"bcnukro8ch6ntpqpa\"\/>COULON Louise <br class=\"bcnukro8ch6ntpqpa\"\/>DOYON Alma <br class=\"bcnukro8ch6ntpqpa\"\/>DUBOIS H&eacute;l&egrave;ne <br class=\"bcnukro8ch6ntpqpa\"\/>DUPRE Juliette <br class=\"bcnukro8ch6ntpqpa\"\/>FERRY Corentin <br class=\"bcnukro8ch6ntpqpa\"\/>GERONIMI Pauline <br class=\"bcnukro8ch6ntpqpa\"\/>GINET Mona <br class=\"bcnukro8ch6ntpqpa\"\/>LAISNE Agathe <br class=\"bcnukro8ch6ntpqpa\"\/>LAURE Daphn&eacute; <br class=\"bcnukro8ch6ntpqpa\"\/>LAURENT-PERROTO Zo&eacute;nine <br class=\"bcnukro8ch6ntpqpa\"\/>LE BERRE Cl&eacute;mence <br class=\"bcnukro8ch6ntpqpa\"\/>LE PUIL Marie <br class=\"bcnukro8ch6ntpqpa\"\/>LEGOUPIL Sarah <br class=\"bcnukro8ch6ntpqpa\"\/>LOUIS Alice <br class=\"bcnukro8ch6ntpqpa\"\/>LUGAND Lola <br class=\"bcnukro8ch6ntpqpa\"\/>MONZAT Juliette <br class=\"bcnukro8ch6ntpqpa\"\/>MUN Jeongin <br class=\"bcnukro8ch6ntpqpa\"\/>OSPITALETCHE Antton <br class=\"bcnukro8ch6ntpqpa\"\/>PALLIER Anna <br class=\"bcnukro8ch6ntpqpa\"\/>PENAUD Lucie <br class=\"bcnukro8ch6ntpqpa\"\/>PHAN Thi Mai-Ly <br class=\"bcnukro8ch6ntpqpa\"\/>POTIER Delphine <br class=\"bcnukro8ch6ntpqpa\"\/>PRIEUR Emma <br class=\"bcnukro8ch6ntpqpa\"\/>ROUSSEL Alexis <br class=\"bcnukro8ch6ntpqpa\"\/>SAHIRI Hakim <br class=\"bcnukro8ch6ntpqpa\"\/>SARRAILLE-JAUD Guillaume <br class=\"bcnukro8ch6ntpqpa\"\/>TAVERNE-ANTOINE Salom&eacute; <br class=\"bcnukro8ch6ntpqpa\"\/>THIERS Alexandrine<\/p>\n<\/div>\n<div class=\"etudiants\">&nbsp;<\/div>\n<div class=\"etudiants\">\n<p class=\"bcnukro8ch6ntpqpa\"><strong>Classement sur liste d&rsquo;attente :<\/strong><\/p>\n<p class=\"bcnukro8ch6ntpqpa\">1 &#8211; LEMAIRE Claire<br class=\"bcnukro8ch6ntpqpa\"\/>2 &#8211; GOMES Camille<br class=\"bcnukro8ch6ntpqpa\"\/>3 &#8211; GELIE Apolline<br class=\"bcnukro8ch6ntpqpa\"\/>4 &#8211; DINA Matthieu<br class=\"bcnukro8ch6ntpqpa\"\/>5 &#8211; ROUACH Yona<br class=\"bcnukro8ch6ntpqpa\"\/>6 &#8211; MARTY No&eacute;mie<br class=\"bcnukro8ch6ntpqpa\"\/>7 &#8211; BARDAKJI Jeanne-Marie<br class=\"bcnukro8ch6ntpqpa\"\/>8 &#8211; DEPAZ Delphine<br class=\"bcnukro8ch6ntpqpa\"\/>9 &#8211; GARINO Thomas<br class=\"bcnukro8ch6ntpqpa\"\/>10 &#8211; ALLARD Candie<br class=\"bcnukro8ch6ntpqpa\"\/>11 &#8211; CONRAD Mathilde<br class=\"bcnukro8ch6ntpqpa\"\/>12 &#8211; MONNEAU Louise<br class=\"bcnukro8ch6ntpqpa\"\/>13 &#8211; LU Andr&eacute;a<br class=\"bcnukro8ch6ntpqpa\"\/>14 &#8211; MARTIN Eliott<br class=\"bcnukro8ch6ntpqpa\"\/>15 &#8211; MAGNAVAL Jeanne<br class=\"bcnukro8ch6ntpqpa\"\/>16 &#8211; COLIN Romane<br class=\"bcnukro8ch6ntpqpa\"\/>17 &#8211; GOURLAN Mathilde<br class=\"bcnukro8ch6ntpqpa\"\/>18 &#8211; CARITE Louna-Marguicha<br class=\"bcnukro8ch6ntpqpa\"\/>19 &#8211; RIVIERE Anouk<br class=\"bcnukro8ch6ntpqpa\"\/>20 &#8211; SECARDIN Victor<br class=\"bcnukro8ch6ntpqpa\"\/>21 &#8211; GELLION L&eacute;a<br class=\"bcnukro8ch6ntpqpa\"\/>22 &#8211; JO Haewon<br class=\"bcnukro8ch6ntpqpa\"\/>23 &#8211; LANGELIER Nina<br class=\"bcnukro8ch6ntpqpa\"\/>24 &#8211; ALCANTARA David<br class=\"bcnukro8ch6ntpqpa\"\/>25 &#8211; DARPY Ariane<br class=\"bcnukro8ch6ntpqpa\"\/>26 &#8211; DELISLE Zo&eacute;<br class=\"bcnukro8ch6ntpqpa\"\/>27 &#8211; LUTZ J&eacute;r&ocirc;me<br class=\"bcnukro8ch6ntpqpa\"\/>28 &#8211; LEMIEUX Maude<br class=\"bcnukro8ch6ntpqpa\"\/>29 &#8211; BELALI Kanza<br class=\"bcnukro8ch6ntpqpa\"\/>30 &#8211; MULLER Elsa<\/p>\n<\/div><\/div>\n<\/div>\n<div class=\"visuels gallery\">\n<\/div>\n","protected":false,"raw":""},"excerpt":{"rendered":"<p>Actualit&eacute;s &#8211; Actualit&eacute;s de l&#8217;&eacute;cole &#8211; Actus des anciens [&hellip;]<\/p>\n","protected":false},"author":0,"featured_media":0,"parent":0,"menu_order":0,"comment_status":"closed","ping_status":"closed","template":"","meta":{"footnotes":""},"class_list":["post-147","page","type-page","status-publish","hentry"],"yoast_head":"<!-- This site is optimized with the Yoast SEO plugin v24.2 - https:\/\/yoast.com\/wordpress\/plugins\/seo\/ -->\n<title>Content Id 45<\/title>\n<meta name=\"robots\" content=\"index, follow, max-snippet:-1, max-image-preview:large, max-video-preview:-1\" \/>\n<link rel=\"canonical\" href=\"https:\/\/www.esae.fr\/content_id-45.html\" \/>\n<meta property=\"og:type\" content=\"article\" \/>\n<meta property=\"og:title\" content=\"Content Id 45\" \/>\n<meta property=\"og:description\" content=\"Actualit&eacute;s &#8211; Actualit&eacute;s de l&#8217;&eacute;cole &#8211; Actus des anciens [&hellip;]\" \/>\n<meta property=\"og:url\" content=\"https:\/\/www.esae.fr\/content_id-45.html\" \/>\n<meta property=\"og:site_name\" content=\"ESAL - 2021\" \/>\n<meta name=\"twitter:card\" content=\"summary_large_image\" \/>\n<meta name=\"twitter:label1\" content=\"Est. reading time\" \/>\n\t<meta name=\"twitter:data1\" content=\"1 minute\" \/>\n<!-- \/ Yoast SEO plugin. -->","yoast_head_json":{"title":"Content Id 45","robots":{"index":"index","follow":"follow","max-snippet":"max-snippet:-1","max-image-preview":"max-image-preview:large","max-video-preview":"max-video-preview:-1"},"canonical":"https:\/\/www.esae.fr\/content_id-45.html","og_type":"article","og_title":"Content Id 45","og_description":"Actualit&eacute;s &#8211; Actualit&eacute;s de l&#8217;&eacute;cole &#8211; Actus des anciens [&hellip;]","og_url":"https:\/\/www.esae.fr\/content_id-45.html","og_site_name":"ESAL - 2021","twitter_card":"summary_large_image","twitter_misc":{"Est. reading time":"1 minute"}},"_links":{"self":[{"href":"https:\/\/www.esae.fr\/index.php?rest_route=\/wp\/v2\/pages\/147","targetHints":{"allow":["GET"]}}],"collection":[{"href":"https:\/\/www.esae.fr\/index.php?rest_route=\/wp\/v2\/pages"}],"about":[{"href":"https:\/\/www.esae.fr\/index.php?rest_route=\/wp\/v2\/types\/page"}],"replies":[{"embeddable":true,"href":"https:\/\/www.esae.fr\/index.php?rest_route=%2Fwp%2Fv2%2Fcomments&post=147"}],"version-history":[{"count":0,"href":"https:\/\/www.esae.fr\/index.php?rest_route=\/wp\/v2\/pages\/147\/revisions"}],"wp:attachment":[{"href":"https:\/\/www.esae.fr\/index.php?rest_route=%2Fwp%2Fv2%2Fmedia&parent=147"}],"curies":[{"name":"wp","href":"https:\/\/api.w.org\/{rel}","templated":true}]}}